t b = 46 + m. What is the units digit of b?
1
Let v = -11521 - -22439. What is the ten thousands digit of v?
1
Let k(n) be the second derivative of 136*n**4/3 - n**3/6 - n**2/2 + 4*n - 4. What is the hundreds digit of k(-1)?
5
Let s(m) = -117*m + 1402. What is the thousands digit of s(-12)?
2
Let v = 2940 + -3041. Suppose 0 = -4*c - 2*y + 596, 0 = 2*c + y + 3*y - 310. Let r = v + c. What is the tens digit of r?
4
Let p = 240 + -512. Let i = p - -443. Let b = i - 100. What is the tens digit of b?
7
What is the units digit of 45/(-27)*5652/(-15)?
8
Let n = 68 + -65. Let a be (9/(-45))/(n + (-5432)/1810). Suppose 0 = -4*u + 4*q + 244, u + q + a = 4*u. What is the tens digit of u?
6
Let n(t) = 6201*t + 17863. What is the thousands digit of n(9)?
3
Suppose 19*g - 12400 = 30065. What is the thousands digit of g?
2
Let h be 5 - (-4 + 6 + 0). What is the tens digit of h/2*1044/27?
5
Let c be ((-5)/(-25)*0)/5. Let l be c/(-3)*(2 + 10/(-4)). Suppose 3*a - 6 = l, -3*u = -7*u + 5*a + 1054. What is the units digit of u?
6
Let l = -13304 - -18631. What is the thousands digit of l?
5
Let j be 19/(133/42) - -10. Suppose 1154 = j*p - 5582. What is the hundreds digit of p?
4
Let j = 54 - 52. Suppose -j*d = -0*d - 794. Suppose 5*l + 17 - d = 0. What is the units digit of l?
6
What is the units digit of 5*1*(-2097504)/(-1440)?
3
Suppose w = 5*l + 6106, -6268 - 5890 = -2*w + l. What is the thousands digit of w?
6
What is the units digit of 1 + 21/(-15) - (-9 - 3316220/50)?
3
Let q be 83/4 + 5/20. Let t = q + -16. Suppose k - 20 = 3*p + p, 19 = k - t*p. What is the units digit of k?
4
Let j be ((-526500)/(-24))/25 + (-2)/(-4). Suppose -x - 963 = -n, -3910 - j = -5*n - 4*x. What is the hundreds digit of n?
9
Let o(g) = -92*g + 289. What is the units digit of o(-18)?
5
Suppose -511*g - 22248 = -515*g. What is the hundreds digit of g?
5
Let z(f) = 2515*f + 1556. What is the units digit of z(5)?
1
What is the thousands digit of (-2 - (-283 - 3))/(0 + (-3)/(-87))?
8
Suppose 195*c = -113*c + 8107176. What is the units digit of c?
2
Let g(s) = 14*s**3 + 14*s**2 - 15*s - 104. What is the units digit of g(8)?
0
Let n be (30/(-40))/(2/(-8)). Suppose -v - 5*s = -810, -4*s + 2485 = n*v - 0*s. What is the units digit of 4/(-22) + (-2 - v/(-55))?
3
Let o(y) = -1181*y - 1284. What is the hundreds digit of o(-47)?
2
Let n be 0/(-3*(-2)/(-3)). Suppose -2*b - 18*b + 8648 = 3*b. Suppose n = -13*v + b + 1483. What is the tens digit of v?
4
Let y be (-21622)/(-209) - 12/(-22). Suppose 4*n - 5*n = 50. Let c = n + y. What is the units digit of c?
4
Let z = 68760 - 48575. What is the tens digit of z?
8
Suppose -47*m + 6703087 = 95*m - 1373021. What is the tens digit of m?
7
Suppose -54412 = -25*r + 58463. What is the hundreds digit of r?
5
Suppose -25*u + 492484 + 96041 = 0. What is the tens digit of u?
4
Suppose 4*c - 2*n + 7*n = 75, 2*n - 6 = 0. Let u(j) = -4 - 17 - 5*j - c + j. What is the units digit of u(-17)?
2
Let l(o) = -4*o - 19*o**2 - 2 + 7*o + 57*o**2 + 5. What is the hundreds digit of l(-3)?
3
Let v(k) = 78*k**3 - 75*k**2 + 15*k + 36. What is the ten thousands digit of v(7)?
2
Let m(i) = 3*i**2 - 3*i + 2. Let t be m(1). Let c = t + 3. Suppose c*b - 85 = 150. What is the units digit of b?
7
Let y = 348 + 2381. Let u = 6140 - y. What is the units digit of 8/(-10) - u/(-45)?
5
Let d be 1/(6/(-140)) + (-10)/15. What is the tens digit of (-7490)/(-15) + d/18?
9
Let z(b) = -2*b**2 + 110*b - 114. What is the tens digit of z(24)?
7
Suppose 9*d + 5*a = 4*d, 3*a = d - 8. Let m be (-8)/((-48)/(-2753)) - d/12. Let u = -207 - m. What is the hundreds digit of u?
2
Let f(d) = 15*d + 4. Let z be f(0). Suppose z*n - 2*p = 2438, n - p - p = 602. What is the units digit of n?
2
Let k(r) = r**3 + 22*r**2 + 17*r - 47. Let v = 302 + -179. Suppose -v - 87 = 10*o. What is the tens digit of k(o)?
3
Suppose -5*u = -3*b - 84, -2*b + 45 + 13 = 3*u. Let c be (-5)/(3*(-2)/u). What is the tens digit of ((-10)/c)/(0 + (-2)/231)?
7
What is the thousands digit of (2550/(-204))/((-948)/(-952) - 1)?
2
Let a = 16 - 14. Let y(s) = -s**3 + 6*s**2 - 6*s - 5. Let f be y(3). Suppose a*j - 126 = -f*z, 2*z + 136 = 2*j + 10. What is the units digit of j?
3
Let u = -2743 + 16666. What is the tens digit of u?
2
Let l(a) = -368*a - 1. Let i be l(-2). Let g = i - 60. What is the hundreds digit of g?
6
Suppose 446733 + 100121 = 106*w. What is the tens digit of w?
5
Let p(q) be the third derivative of 17*q**6/60 + q**4/12 + q**3/6 + q**2. Let m be p(-1). What is the tens digit of (-10)/m - ((-663)/7 - 0)?
9
Let o(x) be the first derivative of -x**4/4 - 10*x**3/3 + 7*x**2/2 - 15*x + 50. What is the tens digit of o(-11)?
2
Let l = 3811 + 4861. What is the hundreds digit of l?
6
Let y(j) = 451*j**2 + 17*j - 61. What is the hundreds digit of y(4)?
2
Suppose -2*m + 2*w + 3*w + 16 = 0, -5*w - 22 = -4*m. Let v be 6/(-4)*(-20)/m. What is the units digit of 59 + (-3)/((-15)/v)?
1
Suppose 0 = -5*o + 3*j - 3, o + 5*j - 7 = -2. Suppose -2*q = u + 2*q - 34, o = -u + q + 24. What is the units digit of u?
6
Let l(d) = d**3 + 26*d**2 + 19*d - 17. Let p be l(-25). Let o = p + 839. What is the hundreds digit of o?
9
Let n = 42 - 34. Suppose -n*r - 3*z + 437 = -3*r, 350 = 4*r + 2*z. Suppose 5*q - r = p, 3*q - 2*p - 29 - 28 = 0. What is the tens digit of q?
1
Let c be (5212/(-6))/(117/27 - 5). Suppose 6*h = c + 881. What is the tens digit of h?
6
Let a = -3 + 7. Let k(t) be the third derivative of t**5/20 - t**3/3 + 9*t**2. What is the tens digit of k(a)?
4
Let i(d) = -12*d + 46. Let k be i(4). What is the units digit of (-152214)/(-460) - k/20?
1
Let a = -293 - -529. Suppose 4*t = 8*t - a. What is the tens digit of t?
5
Let k(t) = 26 - 8 + 18 - 40*t. Let y be k(6). Let s = y + 306. What is the tens digit of s?
0
Suppose -3*s = 0, -3*w + 4701 = -0*w + 5*s. What is the thousands digit of w?
1
Suppose -4*u = -2*h - 211520, 5*u - 37*h + 39*h - 264373 = 0. What is the tens digit of u?
7
Suppose 0 = -1612*h + 1665*h - 3614441. What is the units digit of h?
7
Let t = -60 - -61. Suppose 6 = 2*c - 2*z + 4, -2*c + z = -t. Suppose c = 8*h - 9*h + 25. What is the tens digit of h?
2
Suppose 9146220 = 88*k + 142*k - 4*k. What is the hundreds digit of k?
4
Suppose 20*z - 49156 = -46716 + 265100. What is the hundreds digit of z?
3
Let j(n) = -n + 45. Let k be j(-30). Suppose 0*q + q + 5*i = k, -2*q = 5*i - 150. What is the units digit of q?
5
Suppose -31 = 30*k + 29. Let z(j) = 138*j**2 - 8*j - 14. What is the tens digit of z(k)?
5
Suppose 129 - 114 = 3*c. What is the tens digit of (-38297)/(-21) - (c + (-96)/18)?
2
Suppose 154*p + 20724 = 315*p - 157*p. What is the tens digit of p?
8
Let m(q) = 1126*q**2 - 3*q - 2. Let y be (-5)/1 + 4*(-13 - -14). What is the thousands digit of m(y)?
1
Let n be ((-6)/(-1))/((-2)/(-44)). Let x be (n/20 + 1)*5. Let j = x - 26. What is the tens digit of j?
1
Let v(c) = 3*c + 4. Let j be v(-5). What is the units digit of (734*-1)/(9 + j)?
7
Let b(f) = -f**3 + 13*f**2 + 2*f - 22. Let s be b(13). Suppose s*i = -i - 25, -3*l + 2639 = -4*i. What is the tens digit of l?
7
Suppose j - r - 7822 = 15472, -4*r - 23267 = -j. What is the tens digit of j?
0
Suppose 3*l + 6*k = k + 3, 0 = -3*l + 2*k + 24. Let d be (l - -11) + ((-2)/(-2))/1. Suppose -d*j + 67 = -17*j. What is the units digit of j?
7
Suppose -437*x + 355*x = -761944. What is the units digit of x?
2
Suppose -902955 - 57799 = -49*r + 91129. What is the tens digit of r?
6
Let k(z) = -z + 2. Let y(r) = r - 3. Let m(c) = 7*k(c) + 5*y(c). Let f be (-4)/(-14) + 116*3/(-42). What is the tens digit of m(f)?
1
Suppose -2*d + 5140 = -10760. What is the hundreds digit of d?
9
Let g be (-82)/((15/30)/((-5)/(-4))). Suppose 0 = 12*w - 15*w - 1209. Let p = g - w. What is the units digit of p?
8
Suppose 5*b = 11*b - 18. Suppose 5*t - 28 = z, b*t + t = -2*z + 28. Let r(v) = -2*v**3 + 11*v**2 + 10*v - 7. What is the units digit of r(t)?
7
Let i be (-1 + 0 + -434)*(-3)/(-3). Let u = 1013 + i. What is the hundreds digit of u?
5
Suppose 9*y = 15*y. Suppose -5*l = -o + 455, -o = -y*l + l + 97. Let w = 167 + l. What is the tens digit of w?
7
Let s(g) = 3*g**2 + 113*g + 167. What is the tens digit of s(-40)?
4
Suppose 2*h = 5*s + 20, 28 = -0*h + 4*h - 4*s. Suppose 3*n - 2*n = -g + 1228, -4*g - h*n 